te -1 - 5 - (-8 - (-15 + 11 - 4)).
-6
Evaluate 0 - (-7 - (4 + -6 + -1)).
4
Evaluate 6 - (-1 + (-1 - -18) + -143 + 144).
-11
Calculate 1 + (-7 - ((-13 - (-8 - -1)) + 2)).
-2
What is the value of -12 + (-1 + -4 - -3) - -8 - -1?
-5
Calculate -9 - (14 + -24) - -1.
2
What is the value of (20 - 24) + 13 - -3?
12
What is (1 - -3) + 0 + 16 + 13 + -18?
15
Calculate -27 + 2 - ((-15 - (-18 + -27)) + -23).
-32
0 + 3 - ((-2 - 9) + 13 - -19)
-18
Calculate 11 + -3 + 2 + 8 + -27.
-9
(5 - -2) + -10 + 6
3
(12 - (-2 + 20)) + (4 - -3)
1
Evaluate (-2 - -1) + -11 - (-36 + 16 - -15).
-7
What is -6 + -13 + 23 + (-6 - 7)?
-9
(16 - 7) + -16 + -3 + -1
-11
What is the value of -2 - -5 - (-36 - (-20 + -30))?
-11
Evaluate -6 + (-5 - (-3 + -9 + 5)) + -5.
-9
Calculate -2 + -23 - 1 - ((26 - -10) + -30).
-32
What is (4 - (2 + -2)) + -4 + 3 + 7?
10
Evaluate 0 + -19 + -60 + 68 - -24.
13
What is the value of 3 - (3 - (-5 + -1)) - (-3 + 1)?
-4
What is (2 - (1 - 8)) + -296 + 285?
-2
Evaluate 3 - (5 + 1 - (-1 + -8 + 17)).
5
What is -8 - (1 - 20) - 8?
3
What is the value of -10 + 2 - (-135 - -131)?
-4
What is the value of 10 - (-7 + 21 + -9)?
5
Calculate 37 - (17 - (8 - 49)).
-21
Calculate (-6 - -9 - (-1 - -16)) + -4.
-16
What is the value of -8 + -1 - -5 - (-16 - (-3 - 6))?
3
What is -14 - (14 - (-10 + 18) - (-2 - -6))?
-16
What is the value of 66 + -63 + (-4 + 31 - -3) + 3?
36
What is the value of -3 + -1 + -19 + 11?
-12
What is the value of (3 + -12 + 0 - (-5 - -2)) + 9?
3
What is 16 + (4 - 1) + -7 + -6?
6
Evaluate 9 + -5 - (7 - 2 - -20) - -1.
-20
What is the value of 3 - (9 + -7) - 11 - 6?
-16
Evaluate -2 - -1 - (-11 - -10 - -3) - 9.
-12
-3 - -21 - -2 - 21
-1
Calculate 13 + 26 + -45 + -24.
-30
Calculate (0 - ((-9 - -9) + -2)) + -6 + -8.
-12
Calculate 13 + 9 + 5 + -12 + 5 + -6.
14
(0 - -1) + (0 - -4) + -9 + 16
12
What is the value of 24 + -1 + 1 + 7 + -28 + 24?
27
Evaluate 40 + -34 - (7 - -6).
-7
What is -7 - (-22 - (-1 + (3 - 14)))?
3
What is the value of (-25 - -46) + -13 + (-2 - 2) + 4?
8
(0 - -1) + (-25 - -19) + 10 - 9
-4
3 + (-26 - 36) - -41
-18
9 - ((-6 - -1) + 10 - 8 - -5)
7
-13 + (3 - (-28 + 35))
-17
Evaluate -19 + 5 + (7 - -1) - (-1 + -12).
7
Calculate -5 + 12 + (-3 + 0 - 1 - -8).
11
What is -3 - ((4 - -1 - (-5 + -2)) + -6)?
-9
What is the value of 3 - -1 - (-7 + 22) - 6?
-17
Calculate -16 + (35 - 38) + 44.
25
-5 + 4 + 30 + (-8 - 26 - -28)
23
Calculate 476 - 468 - (1 - (0 - 0)).
7
Calculate (0 - 0) + 9 - (-7 - -7).
9
(-1 - -1) + -8 - (-10 + 2) - 5
-5
Evaluate -1 + 11 + -2 + -2 + (76 - 80).
2
Calculate -12 + 24 + (12 - 19) + 1.
6
Evaluate 66 + -87 - (3 - 3) - (-4 - 0).
-17
-5 + 6 - (-3 + -3)
7
Calculate (5 - -5 - ((8 - 0) + -2)) + 15.
19
Calculate 22 - (6 + (6 - -2)).
8
Calculate (-3 - (-16 - -23)) + (3 - -2).
-5
What is the value of -2 + 8 - ((0 - -3) + -7 + 6)?
4
What is (-504 - -516) + (-36 - -1)?
-23
-1 + (4 - 2 - 4) + 4 + -19
-18
What is 11 + 27 + -14 - 17?
7
Evaluate (14 - (-15 + 17)) + -19.
-7
Evaluate 18 + (2 - -7 - (10 + (17 - 20))).
20
Evaluate (-3 - -1) + 21 - (2 + (7 - 3)).
13
Calculate (66 - 51 - 23) + (-4 - (-3 - -1)).
-10
2 - -21 - (14 - 5) - 3
11
Evaluate -1 + -3 - (3 - -26 - 14).
-19
Calculate -9 - -7 - (0 - 5 - 0).
3
What is the value of (8 - (25 + -6)) + (4 - (-3 - 0))?
-4
Calculate -1 - -1 - 6 - (-9 - (20 - 25)).
-2
Calculate -2 - -12 - (32 + -22) - -1.
1
What is -5 + (-14 - -12 - -1)?
-6
Evaluate -21 + (-9 + 14 - -1) + -1.
-16
What is the value of (-1 - -7) + (-2 - -17 - (20 - -14))?
-13
What is (4 - -2 - (18 + -7)) + 6?
1
Calculate 1 + -5 + (-6 - -5) - (17 - -7).
-29
(12 + -2 + -3 - 16) + -2
-11
What is the value of -5 + (16 - (0 - (-6 - -3)))?
8
Evaluate 7 + -1 + -2 - (-5 - (-1 - 2)).
6
What is the value of (10 - (-8 - -17) - -9) + (4 - 1)?
13
What is the value of -16 - (-3 + 12 + -6 - 14)?
-5
What is the value of (-2 - -46 - 6) + (-111 - -105)?
32
What is 54 + -27 - (0 + 27)?
0
What is the value of -467 - -484 - (3 + 1)?
13
What is -3 + 6 + 0 + 4 + -18?
-11
What is the value of 3 + -6 + 3 - -2 - (-2 + -2)?
6
(-10 - (1 - (2 - 6))) + 5
-10
17 - (24 + (-20 - 7))
20
What is the value of -32 - (20 - (25 - -9))?
-18
What is (5 - -8 - 12) + 8 - (28 + 2)?
-21
What is 22 - (7 + -23 - -18)?
20
What is (409 + -413 - (-1 - -26)) + 1 + 2?
-26
Evaluate 0 - (-36 + 30 - (-1 + 0) - -5).
0
What is the value of -21 + 5 - (21 + -49)?
12
What is 28 - (-14 - -39) - -6?
9
What is (1 - -2) + (14 - 2) + -9 + -7?
-1
What is -3 - (4 + -6 + 2 - 12)?
9
Evaluate 379 + -405 - (0 + -6).
-20
What is -11 + (-1 - (-7 - 4 - 2))?
1
14 + -23 + 20 - (-1 - -4)
8
What is 21 - 32 - -44 - 22?
11
(-1 - -2 - (-3 - -3)) + -12 - -2
-9
Calculate (1 + 1 - 2 - -3) + -2 - 3.
-2
What is -4 - (-35 - -13 - -50) - (-3 - 2)?
-27
What is the value of 3 + (0 - (-4 + -7 + -1))?
15
Evaluate -17 + -3 + 9 - (-5 - 1).
-5
Calculate -2 - (-2 + (2 - 6) + -4).
8
-9 - (-28 + -6 + -2 - -2)
25
What is -3 + 2 + -70 + 57?
-14
Evaluate 1 + -21 + -15 + 38.
3
(21 - -26 - 44) + (7 - 0) + 1
11
Calculate (26 + -26 - -3) + (-36 - -5).
-28
(0 - 3) + 10 + -6
1
What is -37 - (-5 + -13) - (-12 - 0)?
-7
What is the value of 8 + -11 - ((1 - -4) + 5 + -7)?
-6
What is -7 + 9 + -10 + -3 + -1?
-12
What is the value of 17 - 19 - (-7 + 5)?
0
-2 - ((2 - 2) + -2 + -10)
10
What is the value of 25 + (29 + -26 - 29)?
-1
10 - 1 - (4 + -9 + -11 + 17)
8
What is -7 + (1 - ((189 - 149) + -7 + -1))?
-38
Calculate (2 - -2 - (-8 - -23)) + -4.
-15
What is the value of -20 + 4 + -8 + (0 - -4) + 3?
-17
Calculate (-480 - -461) + -3 + 30.
8
Calculate 7 + (18 + -38 - (6 - 0)) - -6.
-13
-21 + (16 - (-15 + 22))
-12
What is 1 - -34 - (175 + -56 + -98)?
14
What is (-26 - -10) + 15 - 31?
-32
What is the value of 1 + 4 + 4 - (25 - 30)?
14
What is the value of (-1 - -3) + (12 - (-27 + (17 - -1)))?
23
16 + (-18 - (-23 + -3))
24
What is 3 + -4 + (12 - 8 - (6 - 2))?
-1
Evaluate 5 + -12 + 18 + -8 + -1 - -1.
3
Evaluate 10 - 2 - (8 - (25 + -56)).
-31
Evaluate (16 - 11) + (2 + -4 - -5) - 5.
3
Calculate 9 + (-4 - 0) + -8.
-3
What is 12 - (8 - 6 - -7 - 5)?
8
What is the value of 1 - (-2 + 4 - ((3 - -12) + 0))?
14
-2 + (-9 + 2 - -24)
15
Evaluate -6 + (28 - 13 - (7 + 0)).
2
What is the value of -6 - 0 - (60 - (92 + -34))?
-8
Calculate 20 + -2 + 7 + -10 - -7.
22
7 + 37 + -7 + -21
16
What is 33 + (-85 - -30) - -18?
-4
What is (-15 - (-3 - 10)) + 0 + 1?
-1
Calculate 8 - (-7 + 23) - 8.
-16
Calculate -21 + 33 + (10 - 17) - (10 + 1).
-6
Calculate -3 - (3 - (-15 + -8 + 9)).
-20
Evaluate (108 - 104) + -5 + (0 - (1 + -1)).
-1
Evaluate -27 - ((96 - 81) + -29 + -2).
-11
What is 10 + -13 - (6 + -3 + -13)?
7
-9 + -8 + -10 + 16
-11
What is the value of (9 - (0 - -13) - -8) + 17?
21
What is the value of 8 - (-17 + 15) - (-6 + 1)?
15
Calculate -32 - (-26 - 9) - 36.
-33
Evaluate 7 - (-8 + 11 + 2).
2
What is -8 + (-17 + 7 - -11)?
-7
What is -24 - (-9 - (5 + -5)) - 9?
-24
-15 - (4 - 5) - -19 - -5
10
What is the value of (-15 - -13 - 12) + 7?
-7
Evaluate -10 - (45 + -20 + -27).
-8
Calculate -2 + 27 - (-64 - -80) - 8.
1
86 + -67 + -11 + -3
5
Calculate (-13 - -1) + -95 + 63 + 21.
-23
Evaluate 11 + 1 + (-26 - -25) + -6 + 2.
7
-19 + (-78 - -87 - (-1 + 0))
-9
What is the value of -11 + 6 + 19 - 16?
-2
What is the value of -2 - (-1 - -11) - (-130 - -132)?
-14
(1 - (17 + 1)) + (132 - 60) + -74
-19
What is (3 - 8) + 0 + 6 - (-8 + -4)?
13
What is the value of (-9 + 6 - -7) + 1 + -1?
4
What is the value of 10 + 0 - (-237 - -241)?
6
Evaluate 30 + -28 + 3 + (-2 - -1).
4
Calculate (-4 + 1 - (-103 + 111)) + 6.
-5
What is (0 - -4) + 4 + 1 + -18?
-9
What is -3 - (20 + -36) - 11?
2
Evaluate 0 - (-1 + 8 + -8) - -1.
2
What is 3 - -13 - 14 - 6?
-4
-1 + (-7 - (-3 - 15) - (3 + 4))
3
Evaluate (-7 - 0) + -47 + 53.
-1
Evaluate 9 + -5 - (-2 - -2).
4
(-4 - 29) + (-7 - -38)
-2
(-12 - -2) + 13 + 8 - 12
-1
35 - 20 - (-86 + 89)
12
-1 - -8 - (-37 + -18 + 46)
16
What is 0 + -1 + -33 - -8?
-26
Evaluate 22 + 9 - 16 - 23.
-8
Evaluate 1 - (6 - (12 - 2)) - 16.
-11
Evaluate 11 - (1 - (-19 + 7)) - 2.
-4
18 + -3 + (-57 - -49)
7
What is 192 + -185 - ((3 - 1) + -17)?
22
5 + -15 + 4 + -7 - 4
-17
1641 + -1672 - (-1 + -13 - 1)
-16
Calculate 10 - (13 - (8 + -5)).
0
What is the value of (-22 - -11) + (-1 - -22)?
10
Evaluate (-13 - -19 - 5) + -9.
-8
(11 - (11 - -11)) + 29 + -9
9
Calculate -11 - 4 - (-4 - (8 - 12)).
-15
What is 9 - (-3 - 